the prime factors of 695430.
2, 3, 5, 7727
What are the prime factors of 393847?
393847
What are the prime factors of 8393560?
2, 5, 7, 31, 967
List the prime factors of 565475.
5, 22619
What are the prime factors of 696981?
3, 379, 613
List the prime factors of 9401889.
3, 7, 73, 6133
What are the prime factors of 1780503?
3, 593501
List the prime factors of 755396.
2, 127, 1487
List the prime factors of 3920232.
2, 3, 19, 8597
List the prime factors of 1071437.
239, 4483
List the prime factors of 12452306.
2, 1429, 4357
What are the prime factors of 4070613?
3, 1356871
What are the prime factors of 2010391?
229, 8779
What are the prime factors of 289926?
2, 3, 7, 13, 59
List the prime factors of 1794985.
5, 97, 3701
List the prime factors of 10313.
10313
What are the prime factors of 185690?
2, 5, 31, 599
What are the prime factors of 112915?
5, 11, 2053
What are the prime factors of 9745587?
3, 53, 20431
List the prime factors of 812703.
3, 61, 4441
List the prime factors of 116448.
2, 3, 1213
List the prime factors of 846315.
3, 5, 6269
What are the prime factors of 1386199?
1386199
What are the prime factors of 3617803?
7, 516829
What are the prime factors of 6465?
3, 5, 431
What are the prime factors of 69801?
3, 53, 439
List the prime factors of 173062.
2, 86531
What are the prime factors of 996061?
11, 23, 31, 127
List the prime factors of 149828.
2, 7, 5351
List the prime factors of 112743.
3, 12527
List the prime factors of 874466.
2, 29, 15077
List the prime factors of 11996339.
17, 173, 4079
What are the prime factors of 13762841?
13762841
What are the prime factors of 4052668?
2, 73, 13879
What are the prime factors of 84604?
2, 13, 1627
What are the prime factors of 5796480?
2, 3, 5, 3019
List the prime factors of 184848.
2, 3, 3851
List the prime factors of 2666672.
2, 166667
List the prime factors of 325783.
325783
List the prime factors of 3999233.
7, 17, 4801
List the prime factors of 420023.
67, 6269
List the prime factors of 13129502.
2, 283, 23197
List the prime factors of 711196.
2, 29, 6131
What are the prime factors of 2058859?
11, 19, 9851
What are the prime factors of 9529896?
2, 3, 31, 12809
What are the prime factors of 206471?
23, 47, 191
List the prime factors of 33473.
11, 17, 179
What are the prime factors of 32679857?
7, 4668551
What are the prime factors of 11180303?
19, 588437
List the prime factors of 3000788.
2, 7, 107171
List the prime factors of 1409271.
3, 469757
What are the prime factors of 99729?
3, 7, 1583
List the prime factors of 23373864.
2, 3, 324637
What are the prime factors of 731487?
3, 243829
What are the prime factors of 305874?
2, 3, 16993
What are the prime factors of 187010?
2, 5, 18701
What are the prime factors of 14072?
2, 1759
List the prime factors of 18372557.
7, 113, 23227
What are the prime factors of 7333501?
7, 139, 7537
What are the prime factors of 1041492?
2, 3, 229, 379
What are the prime factors of 16821347?
17, 37, 47, 569
What are the prime factors of 630120?
2, 3, 5, 59, 89
What are the prime factors of 4834392?
2, 3, 17, 41
What are the prime factors of 1680234?
2, 3, 97, 2887
What are the prime factors of 1508777?
23, 65599
What are the prime factors of 1454309?
359, 4051
List the prime factors of 758915.
5, 151783
List the prime factors of 8513110.
2, 5, 47, 59, 307
What are the prime factors of 17836883?
503, 35461
List the prime factors of 117685.
5, 23537
What are the prime factors of 2242766?
2, 1121383
List the prime factors of 367610.
2, 5, 36761
List the prime factors of 1065994.
2, 71, 7507
List the prime factors of 270382.
2, 7, 31, 89
What are the prime factors of 3869735?
5, 307, 2521
List the prime factors of 2718292.
2, 19, 47, 761
What are the prime factors of 1029514?
2, 514757
List the prime factors of 6636736.
2, 103699
List the prime factors of 5995560.
2, 3, 5, 17, 2939
List the prime factors of 44142.
2, 3, 7, 1051
List the prime factors of 893958.
2, 3, 13, 73, 157
List the prime factors of 2523945.
3, 5, 168263
What are the prime factors of 198243?
3, 22027
List the prime factors of 227273.
17, 29, 461
List the prime factors of 17422740.
2, 3, 5, 43, 2251
What are the prime factors of 1369158?
2, 3, 7, 4657
List the prime factors of 697258.
2, 348629
What are the prime factors of 4864887?
3, 180181
List the prime factors of 355611.
3, 113, 1049
What are the prime factors of 123611?
71, 1741
What are the prime factors of 43901739?
3, 7, 696853
What are the prime factors of 3328812?
2, 3, 92467
What are the prime factors of 1921627?
23, 29, 43, 67
List the prime factors of 3147766.
2, 101, 15583
What are the prime factors of 778248?
2, 3, 1201
What are the prime factors of 153404?
2, 38351
What are the prime factors of 7393841?
7, 13, 31, 2621
What are the prime factors of 66230?
2, 5, 37, 179
What are the prime factors of 501942?
2, 3, 7, 17, 19, 37
List the prime factors of 4095076.
2, 1023769
List the prime factors of 9998880.
2, 3, 5, 37, 563
List the prime factors of 4858972.
2, 1214743
What are the prime factors of 1642813?
1642813
List the prime factors of 234073.
7, 17, 281
List the prime factors of 2986440.
2, 3, 5, 41, 607
List the prime factors of 2352526.
2, 11, 61, 1753
List the prime factors of 78533.
7, 13, 863
List the prime factors of 2716656.
2, 3, 56597
List the prime factors of 842526.
2, 3, 46807
List the prime factors of 300205.
5, 60041
What are the prime factors of 297289?
297289
What are the prime factors of 23883?
3, 19, 419
List the prime factors of 5869.
5869
List the prime factors of 1746154.
2, 67, 83, 157
What are the prime factors of 2683195?
5, 17, 31567
List the prime factors of 5025835.
5, 443, 2269
List the prime factors of 1680297.
3, 17, 47, 701
What are the prime factors of 13716373?
11, 1246943
What are the prime factors of 4798798?
2, 2399399
List the prime factors of 880587.
3, 97843
What are the prime factors of 13858656?
2, 3, 7, 41, 503
What are the prime factors of 277225?
5, 13, 853
What are the prime factors of 12795529?
31, 83, 4973
List the prime factors of 1796422.
2, 898211
List the prime factors of 9651273.
3, 3217091
List the prime factors of 179166.
2, 3, 13, 2297
What are the prime factors of 2311975?
5, 92479
List the prime factors of 108479.
7, 15497
List the prime factors of 2185591.
653, 3347
What are the prime factors of 1469662?
2, 29, 25339
List the prime factors of 3789437.
131, 28927
List the prime factors of 31403820.
2, 3, 5, 7, 74771
What are the prime factors of 4758326?
2, 233, 10211
List the prime factors of 1834914.
2, 3, 41, 7459
What are the prime factors of 154855?
5, 30971
What are the prime factors of 39493?
73, 541
List the prime factors of 954236.
2, 191, 1249
What are the prime factors of 4758129?
3, 176227
List the prime factors of 123206.
2, 61603
List the prime factors of 730290.
2, 3, 5, 11, 2213
List the prime factors of 32418625.
5, 223, 1163
What are the prime factors of 2932057?
569, 5153
List the prime factors of 389314.
2, 37, 5261
List the prime factors of 285680.
2, 5, 3571
List the prime factors of 13560557.
907, 14951
What are the prime factors of 396432?
2, 3, 2753
What are the prime factors of 9249993?
3, 1027777
List the prime factors of 3559603.
3559603
What are the prime factors of 7251027?
3, 7, 17, 19, 1069
List the prime factors of 353779.
281, 1259
List the prime factors of 2673330.
2, 3, 5, 11, 8101
List the prime factors of 5556339.
3, 179, 3449
List the prime factors of 29860641.
3, 3317849
List the prime factors of 138436.
2, 53, 653
What are the prime factors of 1911173?
11, 173743
What are the prime factors of 671354?
2, 103, 3259
List the prime factors of 7141329.
3, 13, 67, 911
List the prime factors of 390.
2, 3, 5, 13
List the prime factors of 6080900.
2, 5, 7, 17, 73
List the prime factors of 9131086.
2, 4565543
What are the prime factors of 297941?
7, 31, 1373
What are the prime factors of 10344393?
3, 103, 11159
What are the prime factors of 116426?
2, 23, 2531
List the prime factors of 17792642.
2, 7, 17, 74759
What are the prime factors of 42752?
2, 167
List the prime factors of 52383.
3, 19, 919
List the prime factors of 701049.
3, 233683
List the prime factors of 2941777.
47, 62591
List the prime factors of 7444943.
11, 103,